{"id":87,"date":"2025-04-07T03:33:11","date_gmt":"2025-04-07T03:33:11","guid":{"rendered":"https:\/\/proquicol.com\/?page_id=87"},"modified":"2025-07-02T15:42:42","modified_gmt":"2025-07-02T15:42:42","slug":"inicio","status":"publish","type":"page","link":"https:\/\/proquicol.com\/","title":{"rendered":"Inicio"},"content":{"rendered":"<p>[et_pb_section fb_built=\u00bb1&#8243; fullwidth=\u00bbon\u00bb _builder_version=\u00bb4.27.4&#8243; _module_preset=\u00bbdefault\u00bb global_colors_info=\u00bb{}\u00bb][et_pb_fullwidth_image src=\u00bbhttps:\/\/proquicol.com\/wp-content\/uploads\/2025\/07\/Recetas-scaled.jpg\u00bb _builder_version=\u00bb4.27.4&#8243; _module_preset=\u00bbdefault\u00bb custom_padding=\u00bb||24px|||\u00bb hover_enabled=\u00bb0&#8243; global_colors_info=\u00bb{}\u00bb scroll_fade_enable=\u00bbon\u00bb sticky_enabled=\u00bb0&#8243;][\/et_pb_fullwidth_image][\/et_pb_section][et_pb_section fb_built=\u00bb1&#8243; admin_label=\u00bbJuice Categories Section\u00bb _builder_version=\u00bb4.16&#8243; custom_margin=\u00bb-18px|||||\u00bb custom_padding=\u00bb18px|0px|27px|0px||\u00bb global_colors_info=\u00bb{}\u00bb][et_pb_row _builder_version=\u00bb4.25.1&#8243; _module_preset=\u00bbdefault\u00bb custom_padding=\u00bb23px|||||\u00bb global_colors_info=\u00bb{}\u00bb][et_pb_column type=\u00bb4_4&#8243; _builder_version=\u00bb4.25.1&#8243; _module_preset=\u00bbdefault\u00bb global_colors_info=\u00bb{}\u00bb][et_pb_text _builder_version=\u00bb4.27.4&#8243; _module_preset=\u00bbdefault\u00bb header_font=\u00bbAlata||||||||\u00bb header_font_size=\u00bb47px\u00bb global_colors_info=\u00bb{}\u00bb]<\/p>\n<h1 style=\"text-align: center;\"><span style=\"color: #ff0000;\"><strong>Nuestros Productos<\/strong><\/span><\/h1>\n<p>[\/et_pb_text][\/et_pb_column][\/et_pb_row][et_pb_row column_structure=\u00bb1_3,1_3,1_3&#8243; _builder_version=\u00bb4.27.4&#8243; _module_preset=\u00bbdefault\u00bb custom_margin=\u00bb-16px|auto||auto||\u00bb global_colors_info=\u00bb{}\u00bb][et_pb_column type=\u00bb1_3&#8243; _builder_version=\u00bb4.27.4&#8243; _module_preset=\u00bbdefault\u00bb global_colors_info=\u00bb{}\u00bb][et_pb_image src=\u00bbhttps:\/\/proquicol.com\/wp-content\/uploads\/2025\/05\/BuniSaborizantes.jpg\u00bb title_text=\u00bbBuniSaborizantes\u00bb url=\u00bbhttps:\/\/proquicol.com\/index.php\/tienda\/#escencias\u00bb _builder_version=\u00bb4.27.4&#8243; _module_preset=\u00bbdefault\u00bb animation_style=\u00bbfade\u00bb global_colors_info=\u00bb{}\u00bb transform_styles__hover_enabled=\u00bbon|hover\u00bb transform_scale__hover_enabled=\u00bbon|hover\u00bb transform_translate__hover_enabled=\u00bbon|desktop\u00bb transform_rotate__hover_enabled=\u00bbon|desktop\u00bb transform_skew__hover_enabled=\u00bbon|desktop\u00bb transform_origin__hover_enabled=\u00bbon|desktop\u00bb transform_scale__hover=\u00bb103%|103%\u00bb][\/et_pb_image][et_pb_image src=\u00bbhttps:\/\/proquicol.com\/wp-content\/uploads\/2025\/06\/Escencias.jpg\u00bb title_text=\u00bbEscencias\u00bb url=\u00bbhttps:\/\/proquicol.com\/index.php\/tienda\/#saborizantes\u00bb align=\u00bbcenter\u00bb _builder_version=\u00bb4.27.4&#8243; _module_preset=\u00bbdefault\u00bb width=\u00bb60%\u00bb animation_style=\u00bbslide\u00bb global_colors_info=\u00bb{}\u00bb][\/et_pb_image][\/et_pb_column][et_pb_column type=\u00bb1_3&#8243; _builder_version=\u00bb4.27.4&#8243; _module_preset=\u00bbdefault\u00bb global_colors_info=\u00bb{}\u00bb][et_pb_image src=\u00bbhttps:\/\/proquicol.com\/wp-content\/uploads\/2025\/05\/Salsas.jpg\u00bb title_text=\u00bbSalsas\u00bb url=\u00bbhttps:\/\/proquicol.com\/index.php\/tienda\/#salsas\u00bb _builder_version=\u00bb4.27.4&#8243; _module_preset=\u00bbdefault\u00bb animation_style=\u00bbfade\u00bb global_colors_info=\u00bb{}\u00bb transform_styles__hover_enabled=\u00bbon|hover\u00bb transform_scale__hover_enabled=\u00bbon|hover\u00bb transform_translate__hover_enabled=\u00bbon|desktop\u00bb transform_rotate__hover_enabled=\u00bbon|desktop\u00bb transform_skew__hover_enabled=\u00bbon|desktop\u00bb transform_origin__hover_enabled=\u00bbon|desktop\u00bb transform_scale__hover=\u00bb102%|102%\u00bb][\/et_pb_image][et_pb_image src=\u00bbhttps:\/\/proquicol.com\/wp-content\/uploads\/2025\/06\/Salsas.jpg\u00bb title_text=\u00bbSalsas\u00bb url=\u00bbhttps:\/\/proquicol.com\/index.php\/tienda\/#salsas\u00bb align=\u00bbcenter\u00bb _builder_version=\u00bb4.27.4&#8243; _module_preset=\u00bbdefault\u00bb width=\u00bb60%\u00bb animation_style=\u00bbslide\u00bb global_colors_info=\u00bb{}\u00bb][\/et_pb_image][\/et_pb_column][et_pb_column type=\u00bb1_3&#8243; _builder_version=\u00bb4.27.4&#8243; _module_preset=\u00bbdefault\u00bb global_colors_info=\u00bb{}\u00bb][et_pb_image src=\u00bbhttps:\/\/proquicol.com\/wp-content\/uploads\/2025\/05\/Aderezos.jpg\u00bb title_text=\u00bbAderezos\u00bb url=\u00bbhttps:\/\/proquicol.com\/index.php\/tienda\/#aderezos\u00bb _builder_version=\u00bb4.27.4&#8243; _module_preset=\u00bbdefault\u00bb animation_style=\u00bbfade\u00bb global_colors_info=\u00bb{}\u00bb transform_styles__hover_enabled=\u00bbon|hover\u00bb transform_scale__hover_enabled=\u00bbon|hover\u00bb transform_translate__hover_enabled=\u00bbon|desktop\u00bb transform_rotate__hover_enabled=\u00bbon|desktop\u00bb transform_skew__hover_enabled=\u00bbon|desktop\u00bb transform_origin__hover_enabled=\u00bbon|desktop\u00bb transform_scale__hover=\u00bb102%|102%\u00bb][\/et_pb_image][et_pb_image src=\u00bbhttps:\/\/proquicol.com\/wp-content\/uploads\/2025\/06\/Aderezos.jpg\u00bb title_text=\u00bbAderezos\u00bb url=\u00bbhttps:\/\/proquicol.com\/index.php\/tienda\/#aderezos\u00bb align=\u00bbcenter\u00bb _builder_version=\u00bb4.27.4&#8243; _module_preset=\u00bbdefault\u00bb width=\u00bb60%\u00bb animation_style=\u00bbslide\u00bb global_colors_info=\u00bb{}\u00bb][\/et_pb_image][\/et_pb_column][\/et_pb_row][\/et_pb_section][et_pb_section fb_built=\u00bb1&#8243; admin_label=\u00bbIntro Section\u00bb _builder_version=\u00bb4.16&#8243; custom_padding=\u00bb13px|0px|16px|0px||\u00bb global_colors_info=\u00bb{}\u00bb][et_pb_row column_structure=\u00bb1_2,1_2&#8243; admin_label=\u00bbIntro Row\u00bb _builder_version=\u00bb4.16&#8243; global_colors_info=\u00bb{}\u00bb][et_pb_column type=\u00bb1_2&#8243; _builder_version=\u00bb4.16&#8243; custom_padding=\u00bb|||\u00bb global_colors_info=\u00bb{}\u00bb custom_padding__hover=\u00bb|||\u00bb][et_pb_text content_tablet=\u00bb<\/p>\n<h2>M\u00e1s de 35 a\u00f1os ofreciendo calidad<\/h2>\n<p style=%22text-align: justify;%22><span class=%22relative -mx-px my-%91-0.2rem%93 rounded px-px py-%910.2rem%93 transition-colors duration-100 ease-in-out%22><strong data-start=%220%22 data-end=%2220%22 data-is-only-node=%22%22>Proquicol S.A.S.<\/strong> (Productos Qu\u00edmicos Colombianos S.A.S.) es una empresa familiar fundada en 1990 en Cartagena, Colombia.<\/span> <span class=%22relative -mx-px my-%91-0.2rem%93 rounded px-px py-%910.2rem%93 transition-colors duration-100 ease-in-out%22>Con m\u00e1s de tres d\u00e9cadas de experiencia, se ha consolidado como un referente en la fabricaci\u00f3n de productos alimenticios y qu\u00edmicos, tanto para la industria como para el hogar.<\/span><\/p>\n<p style=%22text-align: justify;%22><span class=%22relative -mx-px my-%91-0.2rem%93 rounded px-px py-%910.2rem%93 transition-colors duration-100 ease-in-out%22>Proquicol se destaca por la elaboraci\u00f3n de salsas, especias y saborizantes que conservan la autenticidad de los sabores tradicionales de la costa Caribe colombiana.<\/span><\/p>\n<p>\u00bb content_phone=\u00bb<\/p>\n<h2>M\u00e1s de 35 a\u00f1os ofreciendo calidad<\/h2>\n<p style=%22text-align: justify;%22><span class=%22relative -mx-px my-%91-0.2rem%93 rounded px-px py-%910.2rem%93 transition-colors duration-100 ease-in-out%22><strong data-start=%220%22 data-end=%2220%22 data-is-only-node=%22%22>Proquicol S.A.S.<\/strong> (Productos Qu\u00edmicos Colombianos S.A.S.) es una empresa familiar fundada en 1990 en Cartagena, Colombia.<\/span> <span class=%22relative -mx-px my-%91-0.2rem%93 rounded px-px py-%910.2rem%93 transition-colors duration-100 ease-in-out%22>Con m\u00e1s de tres d\u00e9cadas de experiencia, se ha consolidado como un referente en la fabricaci\u00f3n de productos alimenticios y qu\u00edmicos, tanto para la industria como para el hogar.<\/span><\/p>\n<p style=%22text-align: justify;%22><span class=%22relative -mx-px my-%91-0.2rem%93 rounded px-px py-%910.2rem%93 transition-colors duration-100 ease-in-out%22>Proquicol se destaca por la elaboraci\u00f3n de salsas, especias y saborizantes que conservan la autenticidad de los sabores tradicionales de la costa Caribe colombiana.<\/span><\/p>\n<p>\u00bb content_last_edited=\u00bbon|phone\u00bb admin_label=\u00bbTittle &#038; Paragraph\u00bb _builder_version=\u00bb4.27.4&#8243; text_font=\u00bbOpen Sans|600|||||||\u00bb text_font_size=\u00bb16px\u00bb text_line_height=\u00bb1.8em\u00bb header_font=\u00bb||||||||\u00bb header_2_font=\u00bbOswald|||on|||||\u00bb header_2_font_size=\u00bb39px\u00bb header_2_letter_spacing=\u00bb3px\u00bb header_2_line_height=\u00bb1.4em\u00bb module_alignment=\u00bbcenter\u00bb custom_margin=\u00bb40px|||\u00bb custom_margin_tablet=\u00bb0px|||\u00bb custom_margin_phone=\u00bb|||\u00bb custom_margin_last_edited=\u00bbon|phone\u00bb global_colors_info=\u00bb{}\u00bb]<\/p>\n<h2>M\u00e1s de 35 a\u00f1os ofreciendo calidad<\/h2>\n<p style=\"text-align: justify;\"><span class=\"relative -mx-px my-[-0.2rem] rounded px-px py-[0.2rem] transition-colors duration-100 ease-in-out\"><strong data-start=\"0\" data-end=\"20\" data-is-only-node=\"\">Proquicol S.A.S.<\/strong> (Productos Qu\u00edmicos Colombianos S.A.S.) es una empresa familiar fundada en 1990 en Cartagena, Colombia.<\/span> <span class=\"relative -mx-px my-[-0.2rem] rounded px-px py-[0.2rem] transition-colors duration-100 ease-in-out\">Con m\u00e1s de tres d\u00e9cadas de experiencia, se ha consolidado como un referente en la fabricaci\u00f3n de productos alimenticios y qu\u00edmicos, tanto para la industria como para el hogar.<\/span><\/p>\n<p style=\"text-align: justify;\"><span class=\"relative -mx-px my-[-0.2rem] rounded px-px py-[0.2rem] transition-colors duration-100 ease-in-out\">Proquicol se destaca por la elaboraci\u00f3n de salsas, especias y escencias que conservan la autenticidad de los sabores tradicionales de la costa Caribe colombiana.<\/span><\/p>\n<p>[\/et_pb_text][\/et_pb_column][et_pb_column type=\u00bb1_2&#8243; _builder_version=\u00bb4.16&#8243; custom_padding=\u00bb|||\u00bb global_colors_info=\u00bb{}\u00bb custom_padding__hover=\u00bb|||\u00bb][et_pb_image src=\u00bbhttps:\/\/proquicol.com\/wp-content\/uploads\/2025\/05\/TodaunaFamilia.jpg\u00bb title_text=\u00bbTodaunaFamilia\u00bb _builder_version=\u00bb4.27.4&#8243; _module_preset=\u00bbdefault\u00bb width=\u00bb91%\u00bb module_alignment=\u00bbcenter\u00bb global_colors_info=\u00bb{}\u00bb][\/et_pb_image][\/et_pb_column][\/et_pb_row][\/et_pb_section][et_pb_section fb_built=\u00bb1&#8243; _builder_version=\u00bb4.27.4&#8243; background_enable_image=\u00bboff\u00bb background_position=\u00bbbottom_center\u00bb custom_padding=\u00bb15px|0px|0px|0px||\u00bb global_colors_info=\u00bb{}\u00bb][et_pb_row column_structure=\u00bb1_2,1_2&#8243; admin_label=\u00bbCTA Row\u00bb _builder_version=\u00bb4.16&#8243; custom_margin=\u00bb|||\u00bb global_colors_info=\u00bb{}\u00bb][et_pb_column type=\u00bb1_2&#8243; _builder_version=\u00bb4.16&#8243; custom_padding=\u00bb|||\u00bb global_colors_info=\u00bb{}\u00bb custom_padding__hover=\u00bb|||\u00bb][et_pb_image src=\u00bbhttps:\/\/proquicol.com\/wp-content\/uploads\/2025\/05\/ProductosQuimicos.jpg\u00bb title_text=\u00bbProductosQuimicos\u00bb align=\u00bbcenter\u00bb align_tablet=\u00bbcenter\u00bb align_phone=\u00bbcenter\u00bb align_last_edited=\u00bbon|desktop\u00bb admin_label=\u00bbCleanses Image\u00bb _builder_version=\u00bb4.27.4&#8243; width=\u00bb84%\u00bb global_colors_info=\u00bb{}\u00bb][\/et_pb_image][\/et_pb_column][et_pb_column type=\u00bb1_2&#8243; _builder_version=\u00bb4.16&#8243; custom_padding=\u00bb|||\u00bb global_colors_info=\u00bb{}\u00bb custom_padding__hover=\u00bb|||\u00bb][et_pb_cta title=\u00bbINDUSTRIA Y HOGAR\u00bb button_url=\u00bb#top\u00bb title_tablet=\u00bbINDUSTRIA Y HOGAR\u00bb title_phone=\u00bbINDUSTRIA Y HOGAR\u00bb title_last_edited=\u00bbon|phone\u00bb admin_label=\u00bbTittle, Paragraph &#038; Call To Action\u00bb _builder_version=\u00bb4.27.4&#8243; header_font=\u00bbOswald|||on|||||\u00bb header_font_size=\u00bb39px\u00bb header_letter_spacing=\u00bb3px\u00bb header_line_height=\u00bb1.4em\u00bb body_font=\u00bbOpen Sans|600|||||||\u00bb body_font_size=\u00bb16px\u00bb body_line_height=\u00bb1.8em\u00bb use_background_color=\u00bboff\u00bb custom_button=\u00bbon\u00bb button_text_size=\u00bb14px\u00bb button_text_color=\u00bb#ffffff\u00bb button_bg_color=\u00bb#000000&#8243; button_border_width=\u00bb10px\u00bb button_border_color=\u00bbrgba(0,0,0,0)\u00bb button_border_radius=\u00bb30px\u00bb button_letter_spacing=\u00bb2px\u00bb button_font=\u00bbOpen Sans|700||on|||||\u00bb button_use_icon=\u00bboff\u00bb text_orientation=\u00bbleft\u00bb background_layout=\u00bblight\u00bb custom_margin=\u00bb50px|||\u00bb custom_margin_tablet=\u00bb0px|||\u00bb custom_margin_phone=\u00bb\u00bb custom_margin_last_edited=\u00bbon|tablet\u00bb button_text_color_hover=\u00bb#ffffff\u00bb button_border_color_hover=\u00bbrgba(0,0,0,0)\u00bb button_border_radius_hover=\u00bb28px\u00bb button_letter_spacing_hover=\u00bb2px\u00bb button_bg_color_hover=\u00bbrgba(0,0,0,0.7)\u00bb global_colors_info=\u00bb{}\u00bb button_text_size__hover_enabled=\u00bboff\u00bb button_one_text_size__hover_enabled=\u00bboff\u00bb button_two_text_size__hover_enabled=\u00bboff\u00bb button_text_color__hover_enabled=\u00bbon\u00bb button_text_color__hover=\u00bb#ffffff\u00bb button_one_text_color__hover_enabled=\u00bboff\u00bb button_two_text_color__hover_enabled=\u00bboff\u00bb button_border_width__hover_enabled=\u00bboff\u00bb button_one_border_width__hover_enabled=\u00bboff\u00bb button_two_border_width__hover_enabled=\u00bboff\u00bb button_border_color__hover_enabled=\u00bbon\u00bb button_border_color__hover=\u00bbrgba(0,0,0,0)\u00bb button_one_border_color__hover_enabled=\u00bboff\u00bb button_two_border_color__hover_enabled=\u00bboff\u00bb button_border_radius__hover_enabled=\u00bbon\u00bb button_border_radius__hover=\u00bb28px\u00bb button_one_border_radius__hover_enabled=\u00bboff\u00bb button_two_border_radius__hover_enabled=\u00bboff\u00bb button_letter_spacing__hover_enabled=\u00bbon\u00bb button_letter_spacing__hover=\u00bb2px\u00bb button_one_letter_spacing__hover_enabled=\u00bboff\u00bb button_two_letter_spacing__hover_enabled=\u00bboff\u00bb button_bg_color__hover_enabled=\u00bbon\u00bb button_bg_color__hover=\u00bbrgba(0,0,0,0.7)\u00bb button_one_bg_color__hover_enabled=\u00bboff\u00bb button_two_bg_color__hover_enabled=\u00bboff\u00bb]<\/p>\n<p style=\"text-align: justify;\">Buni Sabor es la l\u00ednea de producci\u00f3n de salsas, escencias y aderezos que dan sabor a cada momento. Ya sea en casa o en la industria alimentaria, nuestros productos est\u00e1n pensados para ofrecer calidad, tradici\u00f3n y un toque \u00fanico que realza cada receta.<\/p>\n<p>[\/et_pb_cta][et_pb_button button_url=\u00bbhttps:\/\/api.whatsapp.com\/send?phone=573014656185&#038;text=Hola,%20me%20interesan%20precios%20de%20mayorista%20de%20sus%20Productos%20que%20veo%20en%20su%20p%C3%A1gina%20web.%20&#8243; button_text=\u00bbContacto Mayoristas\u00bb button_alignment=\u00bbcenter\u00bb _builder_version=\u00bb4.27.4&#8243; _module_preset=\u00bbdefault\u00bb custom_button=\u00bbon\u00bb button_text_color=\u00bb#FFFFFF\u00bb button_bg_color=\u00bb#E02B20&#8243; button_icon=\u00bb&#x24;||divi||400&#8243; global_colors_info=\u00bb{}\u00bb][\/et_pb_button][\/et_pb_column][\/et_pb_row][\/et_pb_section][et_pb_section fb_built=\u00bb1&#8243; fullwidth=\u00bbon\u00bb _builder_version=\u00bb4.27.4&#8243; _module_preset=\u00bbdefault\u00bb global_colors_info=\u00bb{}\u00bb][et_pb_fullwidth_image src=\u00bbhttps:\/\/proquicol.com\/wp-content\/uploads\/2025\/04\/Banner_1.png\u00bb title_text=\u00bbBanner_1&#8243; _builder_version=\u00bb4.27.4&#8243; _module_preset=\u00bbdefault\u00bb global_colors_info=\u00bb{}\u00bb][\/et_pb_fullwidth_image][\/et_pb_section][et_pb_section fb_built=\u00bb1&#8243; admin_label=\u00bbProducts Section\u00bb _builder_version=\u00bb4.27.4&#8243; background_color=\u00bb#E02B20&#8243; custom_padding=\u00bb3px|0px|23px|0px||\u00bb link_option_url=\u00bbhttps:\/\/proquicol.com\/index.php\/tienda\/\u00bb global_colors_info=\u00bb{}\u00bb][et_pb_row admin_label=\u00bbSection Header Row\u00bb _builder_version=\u00bb4.16&#8243; custom_margin=\u00bb|auto|-20px|auto||\u00bb custom_padding=\u00bb0px|0px|61px|0px||\u00bb global_colors_info=\u00bb{}\u00bb][et_pb_column type=\u00bb4_4&#8243; _builder_version=\u00bb4.16&#8243; custom_padding=\u00bb|||\u00bb global_colors_info=\u00bb{}\u00bb custom_padding__hover=\u00bb|||\u00bb][et_pb_text admin_label=\u00bbTittle &#038; Paragraph\u00bb _builder_version=\u00bb4.27.4&#8243; text_font=\u00bbOpen Sans|600|||||||\u00bb text_font_size=\u00bb16px\u00bb text_line_height=\u00bb1.8em\u00bb link_font=\u00bb||||||||\u00bb ul_font=\u00bb||||||||\u00bb ol_font=\u00bb||||||||\u00bb quote_font=\u00bb||||||||\u00bb header_font=\u00bb||||||||\u00bb header_2_font=\u00bbOswald|||on|||||\u00bb header_2_font_size=\u00bb45px\u00bb header_2_letter_spacing=\u00bb3px\u00bb header_2_line_height=\u00bb1.4em\u00bb text_orientation=\u00bbcenter\u00bb max_width=\u00bb700px\u00bb module_alignment=\u00bbcenter\u00bb custom_margin=\u00bb40px||6px|||\u00bb custom_margin_tablet=\u00bb0px|||\u00bb custom_margin_phone=\u00bb|||\u00bb custom_margin_last_edited=\u00bbon|phone\u00bb global_colors_info=\u00bb{}\u00bb]<\/p>\n<h2><span style=\"color: #ffffff;\">CONOCE NUESTRO CAT\u00c1LOGO<\/span><\/h2>\n<p><span style=\"color: #ffffff;\">Nuestras salsas, aderezos y escencias con todas sus variedades.\u00a0<\/span>[\/et_pb_text][et_pb_image src=\u00bbhttps:\/\/proquicol.com\/wp-content\/uploads\/2025\/05\/Click.png\u00bb title_text=\u00bbClick\u00bb align=\u00bbcenter\u00bb src_phone=\u00bbhttps:\/\/proquicol.com\/wp-content\/uploads\/2025\/05\/Click.png\u00bb src_last_edited=\u00bboff|desktop\u00bb _builder_version=\u00bb4.27.4&#8243; _module_preset=\u00bbdefault\u00bb width=\u00bb31%\u00bb width_tablet=\u00bb31%\u00bb width_phone=\u00bb31%\u00bb width_last_edited=\u00bbon|phone\u00bb max_width=\u00bb11%\u00bb max_width_tablet=\u00bb11%\u00bb max_width_phone=\u00bb24%\u00bb max_width_last_edited=\u00bbon|phone\u00bb custom_padding=\u00bb0px|||||\u00bb global_colors_info=\u00bb{}\u00bb max_width__hover_enabled=\u00bbon|desktop\u00bb src__hover_enabled=\u00bbon|desktop\u00bb max_width__hover=\u00bb11%\u00bb src__hover=\u00bbhttps:\/\/proquicol.com\/wp-content\/uploads\/2025\/05\/Click.png\u00bb][\/et_pb_image][\/et_pb_column][\/et_pb_row][\/et_pb_section][et_pb_section fb_built=\u00bb1&#8243; admin_label=\u00bbFooter Section\u00bb _builder_version=\u00bb4.27.4&#8243; background_color=\u00bb#FFFFFF\u00bb custom_margin=\u00bb-49px|||||\u00bb custom_padding=\u00bb27px|0px|15px|0px||\u00bb saved_tabs=\u00bball\u00bb global_colors_info=\u00bb{}\u00bb][et_pb_row column_structure=\u00bb1_3,1_3,1_3&#8243; admin_label=\u00bbFooter Row\u00bb _builder_version=\u00bb4.16&#8243; custom_margin=\u00bb|auto|-43px|auto||\u00bb global_colors_info=\u00bb{}\u00bb][et_pb_column type=\u00bb1_3&#8243; _builder_version=\u00bb4.16&#8243; custom_padding=\u00bb|||\u00bb global_colors_info=\u00bb{}\u00bb custom_padding__hover=\u00bb|||\u00bb][et_pb_image src=\u00bbhttps:\/\/proquicol.com\/wp-content\/uploads\/2025\/04\/Logo-Proquicol-1.png\u00bb title_text=\u00bbLogo-Proquicol\u00bb force_fullwidth=\u00bbon\u00bb align_tablet=\u00bbcenter\u00bb align_phone=\u00bbcenter\u00bb align_last_edited=\u00bbon|desktop\u00bb admin_label=\u00bblogo\u00bb _builder_version=\u00bb4.27.4&#8243; global_colors_info=\u00bb{}\u00bb][\/et_pb_image][\/et_pb_column][et_pb_column type=\u00bb1_3&#8243; _builder_version=\u00bb4.16&#8243; custom_padding=\u00bb|||\u00bb global_colors_info=\u00bb{}\u00bb custom_padding__hover=\u00bb|||\u00bb][et_pb_text _builder_version=\u00bb4.27.4&#8243; _module_preset=\u00bbdefault\u00bb global_colors_info=\u00bb{}\u00bb]<\/p>\n<p style=\"text-align: center;\"><strong>Ubicaci\u00f3n<\/strong><\/p>\n<p style=\"text-align: center;\">Carrera 83 C 24 25 P 1 Barrio Ternera. Cartagena de Indias &#8211; Colombia.<\/p>\n<p><a href=\"https:\/\/maps.app.goo.gl\/SkWzfL5VSi94NkoL8\" target=\"_blank\" rel=\"noopener\"><img loading=\"lazy\" decoding=\"async\" src=\"https:\/\/proquicol.com\/wp-content\/uploads\/2025\/05\/Proquicol-Ubicacion-300x300.png\" width=\"38\" height=\"38\" alt=\"\" class=\"wp-image-445 alignnone size-medium\" style=\"display: block; margin-left: auto; margin-right: auto;\" \/><\/a><\/p>\n<p>&nbsp;<\/p>\n<p>[\/et_pb_text][\/et_pb_column][et_pb_column type=\u00bb1_3&#8243; _builder_version=\u00bb4.16&#8243; custom_padding=\u00bb|||\u00bb global_colors_info=\u00bb{}\u00bb custom_padding__hover=\u00bb|||\u00bb][et_pb_text _builder_version=\u00bb4.27.4&#8243; _module_preset=\u00bbdefault\u00bb global_colors_info=\u00bb{}\u00bb]<\/p>\n<p style=\"text-align: center;\"><strong>Atenci\u00f3n al cliente<\/strong><\/p>\n<p style=\"text-align: center;\">Cel. 3103830376<\/p>\n<p style=\"text-align: center;\">Cel. 3014656185<\/p>\n<p style=\"text-align: center;\"><a href=\"mailto:ventas@proquicol.net\"><strong>ventas@proquicol.net<\/strong><\/a><\/p>\n<p>&nbsp;<\/p>\n<p>[\/et_pb_text][\/et_pb_column][\/et_pb_row][et_pb_row _builder_version=\u00bb4.27.4&#8243; _module_preset=\u00bbdefault\u00bb custom_margin=\u00bb|auto|-22px|auto||\u00bb global_colors_info=\u00bb{}\u00bb][et_pb_column type=\u00bb4_4&#8243; _builder_version=\u00bb4.27.4&#8243; _module_preset=\u00bbdefault\u00bb global_colors_info=\u00bb{}\u00bb][et_pb_social_media_follow _builder_version=\u00bb4.27.4&#8243; text_orientation=\u00bbcenter\u00bb custom_margin=\u00bb|||\u00bb custom_padding=\u00bb|||\u00bb mix_blend_mode=\u00bbmultiply\u00bb global_colors_info=\u00bb{}\u00bb][et_pb_social_media_follow_network social_network=\u00bbfacebook\u00bb url=\u00bbhttps:\/\/www.facebook.com\/proquicol\u00bb _builder_version=\u00bb4.27.4&#8243; background_color=\u00bb#0C71C3&#8243; background_enable_color=\u00bbon\u00bb custom_margin=\u00bb|2%||2%\u00bb custom_padding=\u00bb12px|12px|12px|12px\u00bb border_radii=\u00bbon|100px|100px|100px|100px\u00bb global_colors_info=\u00bb{}\u00bb follow_button=\u00bboff\u00bb url_new_window=\u00bbon\u00bb]facebook[\/et_pb_social_media_follow_network][et_pb_social_media_follow_network social_network=\u00bbinstagram\u00bb url=\u00bbhttps:\/\/www.instagram.com\/bunisaborctg\/\u00bb _builder_version=\u00bb4.27.4&#8243; background_color=\u00bb#d80073&#8243; background_enable_color=\u00bbon\u00bb custom_margin=\u00bb|2%||2%\u00bb custom_padding=\u00bb12px|12px|12px|12px\u00bb border_radii=\u00bbon|100px|100px|100px|100px\u00bb global_colors_info=\u00bb{}\u00bb follow_button=\u00bboff\u00bb url_new_window=\u00bbon\u00bb]instagram[\/et_pb_social_media_follow_network][\/et_pb_social_media_follow][\/et_pb_column][\/et_pb_row][\/et_pb_section]<\/p>\n","protected":false},"excerpt":{"rendered":"<p>Nuestros ProductosM\u00e1s de 35 a\u00f1os ofreciendo calidad Proquicol S.A.S. (Productos Qu\u00edmicos Colombianos S.A.S.) es una empresa familiar fundada en 1990 en Cartagena, Colombia. Con m\u00e1s de tres d\u00e9cadas de experiencia, se ha consolidado como un referente en la fabricaci\u00f3n de productos alimenticios y qu\u00edmicos, tanto para la industria como para el hogar. Proquicol se destaca [&hellip;]<\/p>\n","protected":false},"author":1,"featured_media":0,"parent":0,"menu_order":0,"comment_status":"closed","ping_status":"closed","template":"","meta":{"_et_pb_use_builder":"on","_et_pb_old_content":"","_et_gb_content_width":"","_joinchat":[],"footnotes":""},"class_list":["post-87","page","type-page","status-publish","hentry"],"_links":{"self":[{"href":"https:\/\/proquicol.com\/index.php\/wp-json\/wp\/v2\/pages\/87","targetHints":{"allow":["GET"]}}],"collection":[{"href":"https:\/\/proquicol.com\/index.php\/wp-json\/wp\/v2\/pages"}],"about":[{"href":"https:\/\/proquicol.com\/index.php\/wp-json\/wp\/v2\/types\/page"}],"author":[{"embeddable":true,"href":"https:\/\/proquicol.com\/index.php\/wp-json\/wp\/v2\/users\/1"}],"replies":[{"embeddable":true,"href":"https:\/\/proquicol.com\/index.php\/wp-json\/wp\/v2\/comments?post=87"}],"version-history":[{"count":53,"href":"https:\/\/proquicol.com\/index.php\/wp-json\/wp\/v2\/pages\/87\/revisions"}],"predecessor-version":[{"id":762,"href":"https:\/\/proquicol.com\/index.php\/wp-json\/wp\/v2\/pages\/87\/revisions\/762"}],"wp:attachment":[{"href":"https:\/\/proquicol.com\/index.php\/wp-json\/wp\/v2\/media?parent=87"}],"curies":[{"name":"wp","href":"https:\/\/api.w.org\/{rel}","templated":true}]}}