{"id":182,"date":"2025-04-12T13:54:26","date_gmt":"2025-04-12T13:54:26","guid":{"rendered":"https:\/\/proquicol.com\/?post_type=product&#038;p=182"},"modified":"2025-06-23T00:23:53","modified_gmt":"2025-06-23T00:23:53","slug":"salsa-de-ajo","status":"publish","type":"product","link":"https:\/\/proquicol.com\/index.php\/producto\/salsa-de-ajo\/","title":{"rendered":"Salsa de Ajo"},"content":{"rendered":"","protected":false},"excerpt":{"rendered":"<p>Descubre el sabor aut\u00e9ntico de la costa con <strong data-start=\"249\" data-end=\"276\">Salsa de Ajo Buni Sabor<\/strong>, el acompa\u00f1ante perfecto para tus fritos favoritos: empanadas, carima\u00f1olas, arepas de huevo, kibbes y mucho m\u00e1s. Su textura cremosa y su intenso aroma a ajo la convierten en un imprescindible en cualquier mesa caribe\u00f1a.<\/p>\n","protected":false},"featured_media":641,"template":"","meta":{"_et_pb_use_builder":"","_et_pb_old_content":"","_et_gb_content_width":"","_joinchat":[]},"product_brand":[],"product_cat":[17],"product_tag":[],"class_list":{"0":"post-182","1":"product","2":"type-product","3":"status-publish","4":"has-post-thumbnail","6":"product_cat-salsas","8":"first","9":"instock","10":"shipping-taxable","11":"purchasable","12":"product-type-variable"},"_links":{"self":[{"href":"https:\/\/proquicol.com\/index.php\/wp-json\/wp\/v2\/product\/182","targetHints":{"allow":["GET"]}}],"collection":[{"href":"https:\/\/proquicol.com\/index.php\/wp-json\/wp\/v2\/product"}],"about":[{"href":"https:\/\/proquicol.com\/index.php\/wp-json\/wp\/v2\/types\/product"}],"wp:featuredmedia":[{"embeddable":true,"href":"https:\/\/proquicol.com\/index.php\/wp-json\/wp\/v2\/media\/641"}],"wp:attachment":[{"href":"https:\/\/proquicol.com\/index.php\/wp-json\/wp\/v2\/media?parent=182"}],"wp:term":[{"taxonomy":"product_brand","embeddable":true,"href":"https:\/\/proquicol.com\/index.php\/wp-json\/wp\/v2\/product_brand?post=182"},{"taxonomy":"product_cat","embeddable":true,"href":"https:\/\/proquicol.com\/index.php\/wp-json\/wp\/v2\/product_cat?post=182"},{"taxonomy":"product_tag","embeddable":true,"href":"https:\/\/proquicol.com\/index.php\/wp-json\/wp\/v2\/product_tag?post=182"}],"curies":[{"name":"wp","href":"https:\/\/api.w.org\/{rel}","templated":true}]}}